 base 9, what is -46013 - -41252?
-4651
In base 12, what is 92 + -233255?
-233183
In base 8, what is 7144 + 176267?
205433
In base 4, what is 130213032102 + 2?
130213032110
In base 10, what is 7 - 14973378?
-14973371
In base 6, what is -14301521 - -122?
-14301355
In base 7, what is -4 + 246326652?
246326645
In base 2, what is 11001110111 - -101100001100101010?
101100100110100001
In base 12, what is 413a85 + 3?
413a88
In base 16, what is 5ecaab - 4?
5ecaa7
In base 2, what is 1001111 - 111100010111110001110?
-111100010111100111111
In base 3, what is -10022 + 2102112102?
2102102010
In base 9, what is -262 - -23145?
22773
In base 6, what is -1 + 13331215005?
13331215004
In base 3, what is 102002022222 + -22?
102002022200
In base 8, what is 123546 - -37?
123605
In base 10, what is -43854 - -1935?
-41919
In base 14, what is -5791 + 153c?
-4253
In base 16, what is -828a - -2709?
-5b81
In base 6, what is 334450525 + 4?
334450533
In base 12, what is 26494 - 3b?
26455
In base 2, what is -10001011000011 - -101011111?
-10000101100100
In base 14, what is -784 + 26a?
-518
In base 10, what is -3 - -5818925?
5818922
In base 16, what is 4 + -1c07d?
-1c079
In base 16, what is 4414e3 + 1?
4414e4
In base 16, what is -2dd6 - -6f4?
-26e2
In base 11, what is -419083 + 1?
-419082
In base 5, what is -11 - -122210000?
122204434
In base 11, what is 4 + 50739?
50742
In base 10, what is 559206 + 152?
559358
In base 14, what is -1 + -13466642?
-13466643
In base 16, what is 18e - 2e7d?
-2cef
In base 8, what is -40213 + 11217?
-26774
In base 11, what is 3 - 5600077?
-5600074
In base 2, what is 100 - 10110101000011001010001000011?
-10110101000011001010000111111
In base 8, what is -3706605 - 0?
-3706605
In base 12, what is -372894a + 7?
-3728943
In base 13, what is -3 + 2ba2c98?
2ba2c95
In base 7, what is 2030 + 12146502?
12151532
In base 7, what is 151 - 306146?
-305665
In base 7, what is 12 - 1122531461?
-1122531446
In base 9, what is -4851 + 368?
-4472
In base 15, what is a79 - -8ce6d?
8d9e7
In base 7, what is -611 + -4220506?
-4221420
In base 16, what is -4 - -9c924b?
9c9247
In base 16, what is -41 - eb3a7?
-eb3e8
In base 4, what is -11 - -1023203221?
1023203210
In base 6, what is -242 - 35552?
-40234
In base 8, what is -4 + -41715603?
-41715607
In base 4, what is -100103113031 - 0?
-100103113031
In base 11, what is 2 + 112497959?
112497960
In base 13, what is -b43 + 4aa40?
49bca
In base 2, what is 10101010100010 - 1001010111?
10100001001011
In base 8, what is 233 + -4750023?
-4747570
In base 2, what is -110 - -1011100111111101010111000101?
1011100111111101010110111111
In base 5, what is -1223232 + 340?
-1222342
In base 5, what is 20220 + -233120?
-212400
In base 7, what is 4 + 3300210?
3300214
In base 15, what is d + b0ac5?
b0ad3
In base 14, what is -2208 - 210d?
-4317
In base 16, what is -812 - c9?
-8db
In base 2, what is 11000100000000101000 - -1010?
11000100000000110010
In base 6, what is -415 + -2541554?
-2542413
In base 3, what is 2110001100202112 - 10?
2110001100202102
In base 14, what is -16c + -4a036a?
-4a04d8
In base 16, what is -10b65 - 901?
-11466
In base 6, what is 5505 + -50200?
-40251
In base 8, what is -1172143 - 2344?
-1174507
In base 13, what is -47703c + 5?
-477037
In base 9, what is -7515 - 2208?
-10724
In base 15, what is 10011a49 + -4?
10011a45
In base 10, what is -6024 + -3387?
-9411
In base 14, what is 2b77b356 + 2?
2b77b358
In base 2, what is 10000111001000001 - 100010110111?
10000010110001010
In base 7, what is -11626063 - 2?
-11626065
In base 7, what is 1201002 + 154?
1201156
In base 12, what is -4b9b579 - -1?
-4b9b578
In base 3, what is -100020000020020 - 1001?
-100020000021021
In base 11, what is -468a099 + 18?
-468a081
In base 13, what is -220 - ca135?
-ca355
In base 6, what is -21225121514 - 3?
-21225121521
In base 16, what is -2ffa2f - 1b?
-2ffa4a
In base 8, what is 12712115 - 2?
12712113
In base 8, what is 6713714 - -5?
6713721
In base 12, what is 0 + 99615a?
99615a
In base 3, what is -21 + -1100021211122?
-1100021211220
In base 4, what is -10 + -22022000302?
-22022000312
In base 2, what is -1110 + 10001010010111011100?
10001010010111001110
In base 13, what is -1ac8c7 + 1c?
-1ac8a8
In base 10, what is 171 - 451197?
-451026
In base 11, what is -12315256 - 2?
-12315258
In base 8, what is -5577775 - 14?
-5600011
In base 5, what is -22 + -201404114?
-201404141
In base 5, what is -3 - 14442404243?
-14442404301
In base 13, what is 3 - 31315?
-31312
In base 16, what is -21e01 + -280?
-22081
In base 3, what is 210120202001020022 + -11?
210120202001020011
In base 3, what is -12211122122012210 - -1?
-12211122122012202
In base 2, what is -11001110111011011010 + -11?
-11001110111011011101
In base 14, what is -9cc56 - 5?
-9cc5b
In base 2, what is -1001111011001110000000100 + 101?
-1001111011001101111111111
In base 10, what is -305168050 - -3?
-305168047
In base 16, what is 13e - -41ad9?
41c17
In base 5, what is -14 + 31034241222?
31034241203
In base 15, what is 6c1ed + -16d?
6c080
In base 14, what is -b922 + 17c5?
-a13b
In base 5, what is -1132312 - 303023?
-1440340
In base 2, what is -100 - -111011011011100111000?
111011011011100110100
In base 6, what is 2302 - 105502?
-103200
In base 14, what is -b - 1a3c3b?
-1a3c48
In base 4, what is -10002 + 10232123?
10222121
In base 13, what is -a0 - 6ba8a?
-6bb5a
In base 3, what is 2112000220200 - -201?
2112000221101
In base 11, what is -47 - 940974?
-940a10
In base 13, what is 2b02a92 - 3?
2b02a8c
In base 5, what is -3301203 - -1411?
-3244242
In base 9, what is 13 - -5001330?
5001343
In base 8, what is 2 - -21563330?
21563332
In base 15, what is -3d7e67a + 6?
-3d7e674
In base 14, what is 78a + -3886?
-30da
In base 12, what is bbb8 - -bb98?
1bb94
In base 16, what is -20f62cf - 2?
-20f62d1
In base 12, what is -7 - -2a3081?
2a3076
In base 5, what is 2214 + -1213313?
-1211044
In base 10, what is 6798429 + -5?
6798424
In base 9, what is -147 - 40710?
-40857
In base 15, what is 5 - a6215?
-a6210
In base 4, what is 3331 - 12111110?
-12101113
In base 10, what is 3 - -16717742?
16717745
In base 12, what is 42 - -8ab55?
8ab97
In base 9, what is 565545 + -127?
565417
In base 15, what is -13ee8 - -12e2?
-12c06
In base 9, what is -3478244 - -7?
-3478236
In base 8, what is -5 - 5012655?
-5012662
In base 11, what is -23a5 + 33a44?
3164a
In base 7, what is -240 - 14251342?
-14251612
In base 13, what is 3 + 25ab474?
25ab477
In base 6, what is 14044520 + -1?
14044515
In base 16, what is 2a7 - 123e1d?
-123b76
In base 7, what is -444124606 - 4?
-444124613
In base 15, what is 2 - 82e55?
-82e53
In base 9, what is -5 - -36288656?
36288651
In base 2, what is 1000011110101110 + 110001001001111?
1110100111111101
In base 7, what is 0 - -1553244020?
1553244020
In base 14, what is -343d2 + 253?
-3417d
In base 15, what is a6c - 820?
24c
In base 5, what is -1 - -101144104101?
101144104100
In base 9, what is 6704 - 16845?
-10141
In base 9, what is 7 - -324475?
324483
In base 7, what is 56136 + -5054?
51052
In base 7, what is -50 + 5516010?
5515630
In base 6, what is 2 - -1011354110?
1011354112
In base 10, what is 543832934 - 0?
543832934
In base 12, what is -a - -112367?
112359
In base 12, what is 3 - -56a93a7?
56a93aa
In base 3, what is 1220 + -11102120102?
-11102111112
In base 6, what is 311433 + 2401?
314234
In base 2, what is 101110100100000001011 - -1111111?
101110100100010001010
In base 10, what is -156 + -549982?
-550138
In base 13, what is -56c529a + -3?
-56c52a0
In base 8, what is -15167 - 60246?
-75435
In base 6, what is -1 + -1452545211?
-1452545212
In base 7, what is 24 - 62456440?
-62456413
In base 15, what is -41806 + 1c?
-417d9
In base 6, what is -1053142 + 10015?
-1043123
In base 5, what is -1243121 - 123?
-1243244
In base 12, what is -41 - -575537?
5754b6
In base 5, what is -3242123 - 3111?
-3300234
In base 16, what is eca72 - 411?
ec661
In base 14, what is -1db9 - 338?
-2313
In base 9, what is 165 + 31182?
31357
In base 2, what is 1010 - 1011000011101111100?
-1011000011101110010
In base 9, what is 2075204 + -15?
2075178
In base 12, what is -195 + a1bb?
a026
In base 3, what is -2200022001 + -2121?
-2200101122
In base 16, what is -18bb8 + 4f?
-18b69
In base 16, what is 37 - -1f6ad?
1f6e4
In base 4, what is -313 - -10021002